{"id":2740,"date":"2016-07-18T17:32:21","date_gmt":"2016-07-18T17:32:21","guid":{"rendered":"http:\/\/jd.com.do\/v2\/?page_id=2740"},"modified":"2021-05-13T20:45:50","modified_gmt":"2021-05-14T00:45:50","slug":"letras-encajonadas","status":"publish","type":"page","link":"https:\/\/www.jd.com.do\/v2\/servicios\/letras-encajonadas\/","title":{"rendered":"Letras Encajonadas"},"content":{"rendered":"<div class=\"fusion-fullwidth fullwidth-box fusion-builder-row-1 nonhundred-percent-fullwidth non-hundred-percent-height-scrolling\" style=\"--awb-background-position:left top;--awb-border-radius-top-left:0px;--awb-border-radius-top-right:0px;--awb-border-radius-bottom-right:0px;--awb-border-radius-bottom-left:0px;--awb-padding-top:20px;--awb-padding-bottom:20px;--awb-border-sizes-top:0px;--awb-border-sizes-bottom:0px;--awb-flex-wrap:wrap;\" ><div class=\"fusion-builder-row fusion-row\"><div class=\"fusion-layout-column fusion_builder_column fusion-builder-column-0 fusion_builder_column_1_2 1_2 fusion-one-half fusion-column-first\" style=\"--awb-bg-size:cover;width:48%; margin-right: 4%;\"><div class=\"fusion-column-wrapper fusion-flex-column-wrapper-legacy\"><div class=\"fusion-text fusion-text-1\"><h1 style=\"text-align: justify;\">Letras Encajonadas<\/h1>\n<p style=\"text-align: justify;\">Letras encajonadas en alto y bajo relieve de gran impacto visual en acero, bronce, ne\u00f3n, aluminio, acr\u00edlico o MDF; reproducci\u00f3n precisa, proyectando estilo y distinci\u00f3n, dando exclusividad a nuestros clientes.<\/p>\n<p style=\"text-align: justify;\">Este tipo de trabajo tiene distintos tipos de terminaci\u00f3n:<\/p>\n<ul>\n<li style=\"text-align: justify;\">Flotante<\/li>\n<li style=\"text-align: justify;\">Iluminado por LED<\/li>\n<li style=\"text-align: justify;\">Sin Iluminaci\u00f3n<\/li>\n<li style=\"text-align: justify;\">Metal, PVC o Cintra<\/li>\n<\/ul>\n<\/div><div class=\"fusion-clearfix\"><\/div><\/div><\/div><div class=\"fusion-layout-column fusion_builder_column fusion-builder-column-1 fusion_builder_column_1_2 1_2 fusion-one-half fusion-column-last\" style=\"--awb-bg-size:cover;width:48%;\"><div class=\"fusion-column-wrapper fusion-flex-column-wrapper-legacy\"><div class=\"fusion-image-carousel fusion-image-carousel-auto fusion-image-carousel-1 lightbox-enabled fusion-carousel-border\"><div class=\"awb-carousel awb-swiper awb-swiper-carousel\" data-autoplay=\"yes\" data-columns=\"1\" data-itemmargin=\"13\" data-itemwidth=\"180\" data-touchscroll=\"no\" data-imagesize=\"auto\" style=\"--awb-columns:1;\"><div class=\"swiper-wrapper awb-image-carousel-wrapper fusion-flex-align-items-center\"><div class=\"swiper-slide\"><div class=\"fusion-carousel-item-wrapper\"><div class=\"fusion-image-wrapper hover-type-none\"><a data-rel=\"iLightbox[image_carousel_1]\" href=\"http:\/\/jd.com.do\/v2\/wp-content\/uploads\/2016\/07\/Letras-Encajonadas-con-Iluminacion-Pomodoro-01.jpg\" target=\"_self\"><img decoding=\"async\" src=\"http:\/\/jd.com.do\/v2\/wp-content\/uploads\/2016\/07\/Letras-Encajonadas-con-Iluminacion-Pomodoro-01.jpg\" alt=\"\"\/><\/a><\/div><\/div><\/div><div class=\"swiper-slide\"><div class=\"fusion-carousel-item-wrapper\"><div class=\"fusion-image-wrapper hover-type-none\"><a data-rel=\"iLightbox[image_carousel_1]\" href=\"http:\/\/jd.com.do\/v2\/wp-content\/uploads\/2016\/07\/Letras-Encajonadas-con-Iluminacion-Pomodoro-04.jpg\" target=\"_self\"><img decoding=\"async\" src=\"http:\/\/jd.com.do\/v2\/wp-content\/uploads\/2016\/07\/Letras-Encajonadas-con-Iluminacion-Pomodoro-04.jpg\" alt=\"\"\/><\/a><\/div><\/div><\/div><\/div><div class=\"awb-swiper-button awb-swiper-button-prev\"><i class=\"awb-icon-angle-left\" aria-hidden=\"true\"><\/i><\/div><div class=\"awb-swiper-button awb-swiper-button-next\"><i class=\"awb-icon-angle-right\" aria-hidden=\"true\"><\/i><\/div><\/div><\/div><div class=\"fusion-clearfix\"><\/div><\/div><\/div><\/div><\/div>\n","protected":false},"excerpt":{"rendered":"","protected":false},"author":1,"featured_media":0,"parent":2537,"menu_order":0,"comment_status":"closed","ping_status":"closed","template":"","meta":{"jetpack_post_was_ever_published":false,"footnotes":""},"class_list":["post-2740","page","type-page","status-publish","hentry"],"yoast_head":"<!-- This site is optimized with the Yoast SEO plugin v22.1 - https:\/\/yoast.com\/wordpress\/plugins\/seo\/ -->\n<title>Letras Encajonadas - Johan Designs &amp; JD Letreros | Letras en Alto Relieve<\/title>\n<meta name=\"description\" content=\"Letras encajonadas en alto y bajo relieve de gran impacto visual en acero, bronce, ne\u00f3n, aluminio, acr\u00edlico o MDF. Letras Encajonadas en Puerto Plata | JD\" \/>\n<meta name=\"robots\" content=\"index, follow, max-snippet:-1, max-image-preview:large, max-video-preview:-1\" \/>\n<link rel=\"canonical\" href=\"https:\/\/www.jd.com.do\/v2\/servicios\/letras-encajonadas\/\" \/>\n<meta property=\"og:locale\" content=\"en_US\" \/>\n<meta property=\"og:type\" content=\"article\" \/>\n<meta property=\"og:title\" content=\"Letras Encajonadas - Johan Designs &amp; JD Letreros | Letras en Alto Relieve\" \/>\n<meta property=\"og:description\" content=\"Letras encajonadas en alto y bajo relieve de gran impacto visual en acero, bronce, ne\u00f3n, aluminio, acr\u00edlico o MDF. Letras Encajonadas en Puerto Plata | JD\" \/>\n<meta property=\"og:url\" content=\"https:\/\/www.jd.com.do\/v2\/servicios\/letras-encajonadas\/\" \/>\n<meta property=\"og:site_name\" content=\"Johan Designs &amp; JD Letreros, Puerto Plata, Rep. Dom.\" \/>\n<meta property=\"article:modified_time\" content=\"2021-05-14T00:45:50+00:00\" \/>\n<meta name=\"twitter:label1\" content=\"Est. reading time\" \/>\n\t<meta name=\"twitter:data1\" content=\"2 minutes\" \/>\n<script type=\"application\/ld+json\" class=\"yoast-schema-graph\">{\"@context\":\"https:\/\/schema.org\",\"@graph\":[{\"@type\":\"WebPage\",\"@id\":\"https:\/\/www.jd.com.do\/v2\/servicios\/letras-encajonadas\/\",\"url\":\"https:\/\/www.jd.com.do\/v2\/servicios\/letras-encajonadas\/\",\"name\":\"Letras Encajonadas - Johan Designs & JD Letreros | Letras en Alto Relieve\",\"isPartOf\":{\"@id\":\"https:\/\/www.jd.com.do\/v2\/#website\"},\"datePublished\":\"2016-07-18T17:32:21+00:00\",\"dateModified\":\"2021-05-14T00:45:50+00:00\",\"description\":\"Letras encajonadas en alto y bajo relieve de gran impacto visual en acero, bronce, ne\u00f3n, aluminio, acr\u00edlico o MDF. Letras Encajonadas en Puerto Plata | JD\",\"breadcrumb\":{\"@id\":\"https:\/\/www.jd.com.do\/v2\/servicios\/letras-encajonadas\/#breadcrumb\"},\"inLanguage\":\"en-US\",\"potentialAction\":[{\"@type\":\"ReadAction\",\"target\":[\"https:\/\/www.jd.com.do\/v2\/servicios\/letras-encajonadas\/\"]}]},{\"@type\":\"BreadcrumbList\",\"@id\":\"https:\/\/www.jd.com.do\/v2\/servicios\/letras-encajonadas\/#breadcrumb\",\"itemListElement\":[{\"@type\":\"ListItem\",\"position\":1,\"name\":\"Portada\",\"item\":\"https:\/\/www.jd.com.do\/v2\/\"},{\"@type\":\"ListItem\",\"position\":2,\"name\":\"Servicios\",\"item\":\"https:\/\/www.jd.com.do\/v2\/servicios\/\"},{\"@type\":\"ListItem\",\"position\":3,\"name\":\"Letras Encajonadas\"}]},{\"@type\":\"WebSite\",\"@id\":\"https:\/\/www.jd.com.do\/v2\/#website\",\"url\":\"https:\/\/www.jd.com.do\/v2\/\",\"name\":\"Johan Designs &amp; JD Letreros, Puerto Plata, Rep. Dom.\",\"description\":\"Proyectamos tus ideas - Johan Designs &amp; JD Letreros\",\"potentialAction\":[{\"@type\":\"SearchAction\",\"target\":{\"@type\":\"EntryPoint\",\"urlTemplate\":\"https:\/\/www.jd.com.do\/v2\/?s={search_term_string}\"},\"query-input\":\"required name=search_term_string\"}],\"inLanguage\":\"en-US\"}]}<\/script>\n<!-- \/ Yoast SEO plugin. -->","yoast_head_json":{"title":"Letras Encajonadas - Johan Designs & JD Letreros | Letras en Alto Relieve","description":"Letras encajonadas en alto y bajo relieve de gran impacto visual en acero, bronce, ne\u00f3n, aluminio, acr\u00edlico o MDF. Letras Encajonadas en Puerto Plata | JD","robots":{"index":"index","follow":"follow","max-snippet":"max-snippet:-1","max-image-preview":"max-image-preview:large","max-video-preview":"max-video-preview:-1"},"canonical":"https:\/\/www.jd.com.do\/v2\/servicios\/letras-encajonadas\/","og_locale":"en_US","og_type":"article","og_title":"Letras Encajonadas - Johan Designs & JD Letreros | Letras en Alto Relieve","og_description":"Letras encajonadas en alto y bajo relieve de gran impacto visual en acero, bronce, ne\u00f3n, aluminio, acr\u00edlico o MDF. Letras Encajonadas en Puerto Plata | JD","og_url":"https:\/\/www.jd.com.do\/v2\/servicios\/letras-encajonadas\/","og_site_name":"Johan Designs &amp; JD Letreros, Puerto Plata, Rep. Dom.","article_modified_time":"2021-05-14T00:45:50+00:00","twitter_misc":{"Est. reading time":"2 minutes"},"schema":{"@context":"https:\/\/schema.org","@graph":[{"@type":"WebPage","@id":"https:\/\/www.jd.com.do\/v2\/servicios\/letras-encajonadas\/","url":"https:\/\/www.jd.com.do\/v2\/servicios\/letras-encajonadas\/","name":"Letras Encajonadas - Johan Designs & JD Letreros | Letras en Alto Relieve","isPartOf":{"@id":"https:\/\/www.jd.com.do\/v2\/#website"},"datePublished":"2016-07-18T17:32:21+00:00","dateModified":"2021-05-14T00:45:50+00:00","description":"Letras encajonadas en alto y bajo relieve de gran impacto visual en acero, bronce, ne\u00f3n, aluminio, acr\u00edlico o MDF. Letras Encajonadas en Puerto Plata | JD","breadcrumb":{"@id":"https:\/\/www.jd.com.do\/v2\/servicios\/letras-encajonadas\/#breadcrumb"},"inLanguage":"en-US","potentialAction":[{"@type":"ReadAction","target":["https:\/\/www.jd.com.do\/v2\/servicios\/letras-encajonadas\/"]}]},{"@type":"BreadcrumbList","@id":"https:\/\/www.jd.com.do\/v2\/servicios\/letras-encajonadas\/#breadcrumb","itemListElement":[{"@type":"ListItem","position":1,"name":"Portada","item":"https:\/\/www.jd.com.do\/v2\/"},{"@type":"ListItem","position":2,"name":"Servicios","item":"https:\/\/www.jd.com.do\/v2\/servicios\/"},{"@type":"ListItem","position":3,"name":"Letras Encajonadas"}]},{"@type":"WebSite","@id":"https:\/\/www.jd.com.do\/v2\/#website","url":"https:\/\/www.jd.com.do\/v2\/","name":"Johan Designs &amp; JD Letreros, Puerto Plata, Rep. Dom.","description":"Proyectamos tus ideas - Johan Designs &amp; JD Letreros","potentialAction":[{"@type":"SearchAction","target":{"@type":"EntryPoint","urlTemplate":"https:\/\/www.jd.com.do\/v2\/?s={search_term_string}"},"query-input":"required name=search_term_string"}],"inLanguage":"en-US"}]}},"jetpack_sharing_enabled":true,"jetpack_shortlink":"https:\/\/wp.me\/P3h7NI-Ic","jetpack_likes_enabled":true,"_links":{"self":[{"href":"https:\/\/www.jd.com.do\/v2\/wp-json\/wp\/v2\/pages\/2740","targetHints":{"allow":["GET"]}}],"collection":[{"href":"https:\/\/www.jd.com.do\/v2\/wp-json\/wp\/v2\/pages"}],"about":[{"href":"https:\/\/www.jd.com.do\/v2\/wp-json\/wp\/v2\/types\/page"}],"author":[{"embeddable":true,"href":"https:\/\/www.jd.com.do\/v2\/wp-json\/wp\/v2\/users\/1"}],"replies":[{"embeddable":true,"href":"https:\/\/www.jd.com.do\/v2\/wp-json\/wp\/v2\/comments?post=2740"}],"version-history":[{"count":9,"href":"https:\/\/www.jd.com.do\/v2\/wp-json\/wp\/v2\/pages\/2740\/revisions"}],"predecessor-version":[{"id":3998,"href":"https:\/\/www.jd.com.do\/v2\/wp-json\/wp\/v2\/pages\/2740\/revisions\/3998"}],"up":[{"embeddable":true,"href":"https:\/\/www.jd.com.do\/v2\/wp-json\/wp\/v2\/pages\/2537"}],"wp:attachment":[{"href":"https:\/\/www.jd.com.do\/v2\/wp-json\/wp\/v2\/media?parent=2740"}],"curies":[{"name":"wp","href":"https:\/\/api.w.org\/{rel}","templated":true}]}}